116369 composite?
True
Is 64470977 a composite number?
True
Is 34089989 prime?
True
Is 191161 a composite number?
False
Is 194339487 prime?
False
Is 14807321 a prime number?
True
Is 258750871 prime?
True
Is 716185889 composite?
False
Is 135603073 a prime number?
True
Is 5841019 composite?
True
Is 537982571 prime?
False
Is 97005277 prime?
False
Is 422117 a prime number?
False
Is 11127451 prime?
False
Is 118976413 composite?
True
Is 573751 a prime number?
False
Is 207199631 prime?
False
Is 112061969 composite?
True
Is 1254710389 a composite number?
False
Is 1090651 a prime number?
False
Is 14796349 composite?
False
Is 93160955 a prime number?
False
Is 5497417 a composite number?
True
Is 1653403 prime?
False
Is 309679871 a composite number?
True
Is 19494899 composite?
False
Is 7504041 a prime number?
False
Is 10179559 prime?
False
Is 35599 composite?
True
Is 39236809 composite?
False
Is 3036037 composite?
False
Is 2703163 a composite number?
False
Is 154097 a composite number?
False
Is 2771389 a composite number?
False
Is 4266137 composite?
True
Is 6335513 a composite number?
False
Is 102938153 a composite number?
False
Is 514499 prime?
True
Is 11038421 prime?
False
Is 145561363 a prime number?
True
Is 2068231 prime?
False
Is 307915 composite?
True
Is 102178633 prime?
False
Is 855781 a prime number?
True
Is 99070207 a composite number?
False
Is 137987701 composite?
False
Is 2330117 composite?
False
Is 44332997 composite?
False
Is 30745139 a prime number?
False
Is 5733317 a prime number?
False
Is 10385519 a prime number?
True
Is 189692381 prime?
True
Is 1444713 a prime number?
False
Is 501027 a composite number?
True
Is 6611231 prime?
False
Is 4729649 a composite number?
False
Is 565853 composite?
True
Is 219433 composite?
False
Is 3743203 a prime number?
True
Is 993877 prime?
False
Is 212061561 prime?
False
Is 3758529 prime?
False
Is 5142083 a composite number?
False
Is 243482339 prime?
False
Is 6794503 prime?
True
Is 3773257 prime?
True
Is 856627 a composite number?
False
Is 71077769 a composite number?
True
Is 103140563 a composite number?
False
Is 2397103 a composite number?
False
Is 3604373 a prime number?
True
Is 3698897 a composite number?
True
Is 1339661 a prime number?
True
Is 15313841 a prime number?
True
Is 459593 composite?
False
Is 2772397 composite?
True
Is 1388099 a composite number?
True
Is 133250251 composite?
False
Is 3276941 a composite number?
False
Is 4178957 a prime number?
False
Is 1857091 a composite number?
False
Is 792650617 a prime number?
False
Is 91776551 a prime number?
True
Is 5553239 a composite number?
True
Is 95054681 prime?
True
Is 404627 a composite number?
True
Is 129319973 a prime number?
True
Is 4575691 a prime number?
True
Is 5022586 prime?
False
Is 1998977 a prime number?
True
Is 23137 composite?
True
Is 1227001 a prime number?
False
Is 972667027 a prime number?
False
Is 53874833 prime?
True
Is 63823189 a prime number?
False
Is 10025437 a composite number?
True
Is 719749 a prime number?
True
Is 13462951 a composite number?
False
Is 3363406 a composite number?
True
Is 2862973 composite?
False
Is 8636191 a prime number?
False
Is 3836571 a composite number?
True
Is 3255303 a composite number?
True
Is 2289877 a composite number?
True
Is 661966 a composite number?
True
Is 3435197 composite?
False
Is 93608131 prime?
True
Is 8481397 a composite number?
False
Is 28916113 composite?
False
Is 9694891 composite?
True
Is 5349593 prime?
False
Is 74111 prime?
False
Is 4461477 a prime number?
False
Is 356562503 composite?
True
Is 195721483 composite?
True
Is 1323107 composite?
False
Is 1490207 composite?
False
Is 2073061 prime?
True
Is 56004821 a prime number?
True
Is 12595787 a prime number?
True
Is 22229 composite?
False
Is 9718117 prime?
False
Is 305027 a composite number?
True
Is 403069 composite?
True
Is 3171887 composite?
True
Is 42147251 a prime number?
True
Is 1469929 composite?
True
Is 10164763 a prime number?
False
Is 28947533 composite?
True
Is 59643743 a prime number?
True
Is 10155493 a composite number?
True
Is 36142619 a prime number?
True
Is 4737569 prime?
True
Is 280252879 a prime number?
False
Is 11123053 a prime number?
False
Is 12097 a prime number?
True
Is 26093849 a composite number?
True
Is 14832731 a composite number?
False
Is 599738747 composite?
False
Is 129164663 a prime number?
True
Is 6259567 composite?
False
Is 1066553 prime?
True
Is 152887373 a composite number?
True
Is 36951793 a composite number?
True
Is 1178693 a composite number?
True
Is 7107827 composite?
False
Is 127087 prime?
False
Is 2006023 a prime number?
False
Is 2129741 composite?
False
Is 395078206 composite?
True
Is 1217617 a composite number?
False
Is 111698291 composite?
False
Is 66229291 prime?
False
Is 118725769 a prime number?
False
Is 793425827 composite?
False
Is 1984831 a prime number?
False
Is 2585419 a composite number?
True
Is 8267069 composite?
False
Is 20097731 a composite number?
True
Is 129901631 a prime number?
False
Is 8022403 a composite number?
False
Is 13774889 a composite number?
True
Is 3281393 a composite number?
False
Is 3331567 a prime number?
False
Is 70473751 composite?
False
Is 117519781 a prime number?
True
Is 46292677 a composite number?
False
Is 5141219 prime?
True
Is 55671251 prime?
True
Is 434210597 composite?
False
Is 382124321 composite?
True
Is 90547819 a composite number?
False
Is 48487931 prime?
False
Is 48996799 a prime number?
True
Is 78528677 prime?
True
Is 4873879 composite?
True
Is 3089717 a composite number?
False
Is 25853279 a prime number?
True
Is 606397 prime?
False
Is 264498089 a prime number?
False
Is 3192571 a composite number?
False
Is 79499146 prime?
False
Is 30252269 a composite number?
False
Is 1274599 composite?
False
Is 10651451 a prime number?
True
Is 281250257 prime?
True
Is 29036521 composite?
False
Is 125948399 a prime number?
True
Is 1140641 a prime number?
False
Is 98376199 composite?
False
Is 9879641 a composite number?
False
Is 3128129 prime?
True
Is 1878277 a prime number?
True
Is 32671553 prime?
True
Is 248937193 a composite number?
False
Is 134873561 composite?
False
Is 430974613 a prime number?
True
Is 30843997 a composite number?
True
Is 45673211 a prime number?
False
Is 7393381 prime?
False
Is 3542261 composite?
True
Is 28016381 a prime number?
False
Is 322688885 prime?
False
Is 53803471 composite?
False
Is 125998337 composite?
False
Is 33636457 prime?
False
Is 7369903 a composite number?
False
Is 1017143 a composite number?
True
Is 2029537 a prime number?
False
Is 10106455 a composite number?
True
Is 2839519 composite?
False
Is 34194931 prime?
False
Is 257986661 composite?
True
Is 12483403 a composite number?
False
Is 2796329 a prime number?
True
Is 13787981 a composite number?
True
Is 48066947 composite?
True
Is 900611 a prime number?
False
Is 3590831 prime?
True
Is 302261 prime?
True
Is 15611423 prime?
False
Is 110362438 composite?
True
Is 368600807 a prime number?
False
Is 7671439 a prime number?
False
Is 303269705 a prime number?
False
Is 19924769 a composite number?
True
Is 125132057 a prime number?
True
Is 802709 a prime number?
True
Is 1160153 a prime number?
False
Is 39205273 a composite number?
False
Is 8352221 a composite number?
False
Is 29408597 composite?
True
Is 185261585 a prime number?
False
Is 4397417 composite?
True
Is 1293077 a composite number?
False
Is 13843397 prime?
True
Is 40552867 a prime number?
False
Is 209519 prime?
True
Is 13337561 prime?
True
Is 3766867 a composite number?
True
Is 2149663 a composite number?
True
Is 11576261 a prime number?
True
Is 23745167 prime?
True
Is 11677 a prime number?
True
Is 36959951 prime?
False
Is 3117649 prime?
False
Is 328481701 prime?
False
Is 3333121 a prime number?
False
Is 5823893 prime?
False
Is 3160477 a composite number?
True
Is 6115719 a composite number?
True
Is 649561 prime?
False
Is 23195251 prime?
False
Is 2548483 composite?
True
Is 13579861 a prime number?
True
Is 17476267 prime?
False
Is 52781017 composite?
True
Is 40642759 composite?
True
Is 36892109 a composite number?
False
Is 1894787 composite?
False
Is 19976237 a composite number?
False
Is 1263173 a composite number?
False
Is 304663 composite?
False
Is 1648217 prime?
True
Is 53980973 a prime number?
True
Is 4387655 prime?
Fal